{"id":447,"date":"2023-10-06T08:33:47","date_gmt":"2023-10-06T08:33:47","guid":{"rendered":"https:\/\/pcsf.uniroma3.it\/?page_id=447"},"modified":"2023-10-08T14:01:31","modified_gmt":"2023-10-08T14:01:31","slug":"consiglio-direttivo","status":"publish","type":"page","link":"https:\/\/pcsf.uniroma3.it\/?page_id=447","title":{"rendered":"Consiglio Direttivo"},"content":{"rendered":"\n<p><strong>Direttore<\/strong>:<\/p>\n\n\n\n<p><a href=\"https:\/\/www.uniroma3.it\/en\/persone\/SUQvVGsrWERoMUV6dHBTY0docklza0NpeEhxN2FMQkhKdlhVMGEwN1RTMD0=\/\">Guido Baggio<\/a>&nbsp;(Universit\u00e0 Roma Tre)&nbsp;<\/p>\n\n\n\n<p><strong>Membri del consiglio direttivo<\/strong>:<\/p>\n\n\n\n<p><a href=\"https:\/\/www.docenti.unina.it\/#!\/professor\/4d4155524153545249414e4f5354524d524136325035324638333948\/riferimenti\">Maura Striano<\/a>&nbsp;(Universit\u00e0 Federico II)&nbsp;<\/p>\n\n\n\n<p><a href=\"https:\/\/web.unica.it\/unica\/it\/ateneo_s07_ss01.page?contentId=SHD30121\">Vinicio Busacchi<\/a>&nbsp;(Universit\u00e0 di Cagliari)<\/p>\n\n\n\n<p><a href=\"https:\/\/sites.unimi.it\/fabbrichesi\/\">Rossella Fabbrichesi<\/a>&nbsp;(Universit\u00e0 di Milano)<\/p>\n\n\n\n<p><a href=\"http:\/\/docenti.unimol.it\/index.php?u=maddalena&amp;id=3\">Giovanni Maddalena<\/a>&nbsp;(Universit\u00e0 del Molise)<\/p>\n\n\n\n<p><a href=\"https:\/\/www.unipg.it\/personale\/giancarlo.marchetti\">Giancarlo Marchetti<\/a>&nbsp;(Universit\u00e0 di Perugia)<\/p>\n\n\n\n<p><a href=\"https:\/\/www.docenti.unina.it\/#!\/professor\/53544546414e4f4f4c49564552494f4c565253464e37324c32354638333948\/riferimenti\">Stefano Oliverio<\/a>&nbsp;(Universit\u00e0 Federico II)<\/p>\n\n\n\n<p><a href=\"https:\/\/www.unimi.it\/it\/ugov\/person\/andrea-parravicini\">Andrea Parravicini<\/a>&nbsp;(Universit\u00e0 di Milano)&nbsp;<\/p>\n\n\n\n<p><a href=\"https:\/\/unimol.academia.edu\/MichelaBella\">Michela Bella<\/a>&nbsp;(Universit\u00e0 del Molise)<\/p>\n\n\n\n<p><a href=\"https:\/\/www.unimi.it\/it\/ugov\/person\/mariaregina-brioschi\">Maria Regina Brioschi<\/a>&nbsp;(Universit\u00e0 di Milano)<\/p>\n","protected":false},"excerpt":{"rendered":"<p>Direttore: Guido Baggio&nbsp;(Universit\u00e0 Roma Tre)&nbsp; Membri del consiglio direttivo: Maura Striano&nbsp;(Universit\u00e0 Federico II)&nbsp; Vinicio Busacchi&nbsp;(Universit\u00e0 di Cagliari) Rossella Fabbrichesi&nbsp;(Universit\u00e0 di Milano) Giovanni Maddalena&nbsp;(Universit\u00e0 del Molise) &#8230; <\/p>\n","protected":false},"author":1,"featured_media":0,"parent":0,"menu_order":0,"comment_status":"closed","ping_status":"closed","template":"","meta":{"footnotes":""},"class_list":["post-447","page","type-page","status-publish","hentry"],"_links":{"self":[{"href":"https:\/\/pcsf.uniroma3.it\/index.php?rest_route=\/wp\/v2\/pages\/447","targetHints":{"allow":["GET"]}}],"collection":[{"href":"https:\/\/pcsf.uniroma3.it\/index.php?rest_route=\/wp\/v2\/pages"}],"about":[{"href":"https:\/\/pcsf.uniroma3.it\/index.php?rest_route=\/wp\/v2\/types\/page"}],"author":[{"embeddable":true,"href":"https:\/\/pcsf.uniroma3.it\/index.php?rest_route=\/wp\/v2\/users\/1"}],"replies":[{"embeddable":true,"href":"https:\/\/pcsf.uniroma3.it\/index.php?rest_route=%2Fwp%2Fv2%2Fcomments&post=447"}],"version-history":[{"count":4,"href":"https:\/\/pcsf.uniroma3.it\/index.php?rest_route=\/wp\/v2\/pages\/447\/revisions"}],"predecessor-version":[{"id":495,"href":"https:\/\/pcsf.uniroma3.it\/index.php?rest_route=\/wp\/v2\/pages\/447\/revisions\/495"}],"wp:attachment":[{"href":"https:\/\/pcsf.uniroma3.it\/index.php?rest_route=%2Fwp%2Fv2%2Fmedia&parent=447"}],"curies":[{"name":"wp","href":"https:\/\/api.w.org\/{rel}","templated":true}]}}

<p><strong>Direttore</strong>:</p>



<p><a href="https://www.uniroma3.it/en/persone/SUQvVGsrWERoMUV6dHBTY0docklza0NpeEhxN2FMQkhKdlhVMGEwN1RTMD0=/">Guido Baggio</a>&nbsp;(Università Roma Tre)&nbsp;</p>



<p><strong>Membri del consiglio direttivo</strong>:</p>



<p><a href="https://www.docenti.unina.it/#!/professor/4d4155524153545249414e4f5354524d524136325035324638333948/riferimenti">Maura Striano</a>&nbsp;(Università Federico II)&nbsp;</p>



<p><a href="https://web.unica.it/unica/it/ateneo_s07_ss01.page?contentId=SHD30121">Vinicio Busacchi</a>&nbsp;(Università di Cagliari)</p>



<p><a href="https://sites.unimi.it/fabbrichesi/">Rossella Fabbrichesi</a>&nbsp;(Università di Milano)</p>



<p><a href="http://docenti.unimol.it/index.php?u=maddalena&amp;id=3">Giovanni Maddalena</a>&nbsp;(Università del Molise)</p>



<p><a href="https://www.unipg.it/personale/giancarlo.marchetti">Giancarlo Marchetti</a>&nbsp;(Università di Perugia)</p>



<p><a href="https://www.docenti.unina.it/#!/professor/53544546414e4f4f4c49564552494f4c565253464e37324c32354638333948/riferimenti">Stefano Oliverio</a>&nbsp;(Università Federico II)</p>



<p><a href="https://www.unimi.it/it/ugov/person/andrea-parravicini">Andrea Parravicini</a>&nbsp;(Università di Milano)&nbsp;</p>



<p><a href="https://unimol.academia.edu/MichelaBella">Michela Bella</a>&nbsp;(Università del Molise)</p>



<p><a href="https://www.unimi.it/it/ugov/person/mariaregina-brioschi">Maria Regina Brioschi</a>&nbsp;(Università di Milano)</p>

<p>Direttore: Guido Baggio&nbsp;(Università Roma Tre)&nbsp; Membri del consiglio direttivo: Maura Striano&nbsp;(Università Federico II)&nbsp; Vinicio Busacchi&nbsp;(Università di Cagliari) Rossella Fabbrichesi&nbsp;(Università di Milano) Giovanni Maddalena&nbsp;(Università del Molise) &#8230; </p>
